divided by 1662?
1147
Calculate the remainder when 1653358 is divided by 830.
828
Calculate the remainder when 67393 is divided by 94.
89
What is the remainder when 677315 is divided by 409?
11
Calculate the remainder when 8748 is divided by 4369.
10
Calculate the remainder when 278 is divided by 44.
14
What is the remainder when 264844 is divided by 66211?
0
Calculate the remainder when 280835 is divided by 18.
17
Calculate the remainder when 6354 is divided by 172.
162
What is the remainder when 1285 is divided by 194?
121
What is the remainder when 6091 is divided by 5926?
165
What is the remainder when 18455 is divided by 21?
17
Calculate the remainder when 105543 is divided by 253.
42
Calculate the remainder when 725 is divided by 216.
77
Calculate the remainder when 1222 is divided by 163.
81
What is the remainder when 1580 is divided by 185?
100
What is the remainder when 368293 is divided by 43?
41
What is the remainder when 2474 is divided by 1208?
58
Calculate the remainder when 1144 is divided by 541.
62
Calculate the remainder when 1081885 is divided by 5.
0
What is the remainder when 44386 is divided by 2336?
2
What is the remainder when 401742 is divided by 422?
420
Calculate the remainder when 851843 is divided by 14.
13
What is the remainder when 15469 is divided by 2229?
2095
Calculate the remainder when 111318 is divided by 23.
21
Calculate the remainder when 15628 is divided by 2.
0
Calculate the remainder when 24498 is divided by 348.
138
Calculate the remainder when 1178 is divided by 243.
206
What is the remainder when 3852 is divided by 212?
36
What is the remainder when 2888 is divided by 7?
4
What is the remainder when 25536 is divided by 796?
64
What is the remainder when 5004 is divided by 297?
252
What is the remainder when 138312 is divided by 138302?
10
Calculate the remainder when 8770 is divided by 593.
468
What is the remainder when 37213 is divided by 292?
129
Calculate the remainder when 735825 is divided by 56601.
12
What is the remainder when 7006 is divided by 1739?
50
What is the remainder when 1975799 is divided by 5?
4
What is the remainder when 570 is divided by 110?
20
What is the remainder when 76432 is divided by 25476?
4
Calculate the remainder when 91478 is divided by 5380.
18
Calculate the remainder when 102721 is divided by 122.
119
Calculate the remainder when 10445 is divided by 98.
57
Calculate the remainder when 717246 is divided by 18.
0
Calculate the remainder when 19936 is divided by 37.
30
What is the remainder when 6146 is divided by 21?
14
Calculate the remainder when 1837 is divided by 1719.
118
What is the remainder when 12754 is divided by 63?
28
Calculate the remainder when 93 is divided by 16.
13
What is the remainder when 1981 is divided by 518?
427
What is the remainder when 1279724 is divided by 777?
5
What is the remainder when 16459 is divided by 366?
355
What is the remainder when 6453 is divided by 176?
117
Calculate the remainder when 440312 is divided by 36.
32
What is the remainder when 174680 is divided by 201?
11
What is the remainder when 220915 is divided by 15?
10
Calculate the remainder when 120714 is divided by 57.
45
What is the remainder when 8533 is divided by 2132?
5
What is the remainder when 30876 is divided by 11?
10
Calculate the remainder when 15462 is divided by 52.
18
What is the remainder when 8456 is divided by 845?
6
What is the remainder when 3582 is divided by 409?
310
Calculate the remainder when 949605 is divided by 2051.
2043
Calculate the remainder when 4881 is divided by 697.
2
What is the remainder when 845 is divided by 8?
5
What is the remainder when 262969 is divided by 429?
421
What is the remainder when 474 is divided by 8?
2
What is the remainder when 24724 is divided by 88?
84
Calculate the remainder when 179319 is divided by 96.
87
What is the remainder when 19197 is divided by 84?
45
What is the remainder when 10920 is divided by 95?
90
Calculate the remainder when 22501 is divided by 7488.
37
Calculate the remainder when 1409268 is divided by 15318.
12
What is the remainder when 288805 is divided by 26?
23
What is the remainder when 434817 is divided by 86963?
2
What is the remainder when 271511 is divided by 36?
35
Calculate the remainder when 71503 is divided by 71484.
19
What is the remainder when 273 is divided by 16?
1
Calculate the remainder when 48945 is divided by 10.
5
Calculate the remainder when 49609 is divided by 310.
9
Calculate the remainder when 6517 is divided by 325.
17
What is the remainder when 3560 is divided by 900?
860
What is the remainder when 34733 is divided by 38?
1
Calculate the remainder when 1496 is divided by 372.
8
Calculate the remainder when 3240482 is divided by 617.
615
Calculate the remainder when 14584 is divided by 2908.
44
Calculate the remainder when 203 is divided by 131.
72
What is the remainder when 2153 is divided by 1065?
23
What is the remainder when 4242 is divided by 1350?
192
Calculate the remainder when 33815 is divided by 353.
280
Calculate the remainder when 86063 is divided by 321.
35
Calculate the remainder when 477185 is divided by 2189.
2172
What is the remainder when 498784 is divided by 47?
20
Calculate the remainder when 199844 is divided by 39964.
24
Calculate the remainder when 4017 is divided by 503.
496
What is the remainder when 72711 is divided by 371?
366
Calculate the remainder when 3041 is divided by 338.
337
Calculate the remainder when 8037 is divided by 797.
67
What is the remainder when 4928 is divided by 208?
144
Calculate the remainder when 54988 is divided by 10992.
28
What is the remainder when 352975 is divided by 30?
25
Calculate the remainder when 10405 is divided by 650.
5
Calculate the remainder when 437 is divided by 305.
132
What is the remainder when 49020 is divided by 2449?
40
Calculate the remainder when 488793 is divided by 22.
19
What is the remainder when 10988 is divided by 3?
2
Calculate the remainder when 667481 is divided by 17.
10
Calculate the remainder when 715173 is divided by 1161.
1158
Calculate the remainder when 2952 is divided by 274.
212
Calculate the remainder when 4625 is divided by 67.
2
What is the remainder when 1387 is divided by 686?
15
Calculate the remainder when 671754 is divided by 86.
8
Calculate the remainder when 84560 is divided by 23.
12
What is the remainder when 16761 is divided by 280?
241
What is the remainder when 5610407 is divided by 12?
11
Calculate the remainder when 4563 is divided by 81.
27
What is the remainder when 5348339 is divided by 172?
171
What is the remainder when 1932 is divided by 63?
42
What is the remainder when 2071 is divided by 85?
31
Calculate the remainder when 15821 is divided by 9.
8
What is the remainder when 6001 is divided by 61?
23
What is the remainder when 298693 is divided by 851?
843
What is the remainder when 120092 is divided by 120083?
9
Calculate the remainder when 10186 is divided by 1.
0
Calculate the remainder when 14795 is divided by 1653.
1571
What is the remainder when 220007 is divided by 1630?
1587
Calculate the remainder when 1356 is divided by 937.
419
What is the remainder when 108226 is divided by 83?
77
Calculate the remainder when 980 is divided by 91.
70
What is the remainder when 770 is divided by 289?
192
Calculate the remainder when 17875 is divided by 414.
73
Calculate the remainder when 56264 is divided by 341.
340
What is the remainder when 20339 is divided by 251?
8
Calculate the remainder when 927 is divided by 463.
1
Calculate the remainder when 119 is divided by 18.
11
What is the remainder when 134503 is divided by 441?
439
What is the remainder when 223870 is divided by 221?
218
Calculate the remainder when 1228 is divided by 619.
609
Calculate the remainder when 1041757 is divided by 122.
121
Calculate the remainder when 6788 is divided by 6747.
41
What is the remainder when 7604456 is divided by 867?
866
Calculate the remainder when 21059 is divided by 162.
161
What is the remainder when 3442 is divided by 1115?
97
What is the remainder when 106041 is divided by 35338?
27
What is the remainder when 12874 is divided by 4284?
22
Calculate the remainder when 26698 is divided by 1488.
1402
What is the remainder when 233903 is divided by 443